 2 - -4)?
6
What is -29 - -29 - (3 - -2 - -4)?
-9
(-19 - -5) + 7 - -11
4
What is (5 - 12) + 0 - (2 - 5)?
-4
What is the value of (-4 - -6) + -5 + -2 + 2?
-3
Calculate 0 - -11 - (8 + -2 + -1).
6
Calculate (59 - 54) + (1 - -1 - 11).
-4
What is the value of -5 + -6 + (6 - -3)?
-2
Evaluate 7 - (10 + 2 + -10 + 5).
0
What is the value of ((-9 - -3) + 12 - 3) + -11?
-8
Evaluate 61 + -45 + 1 + -1 + -6.
10
Calculate 3 - 1 - (-3 + -1 + 11).
-5
What is -3 + -2 + 13 + -2 - 3?
3
Evaluate -5 + 2 - (-1 + -4 + 4).
-2
-10 - (-10 + (0 - -4))
-4
Calculate 9 + -2 + (-1 - (-1 - -7)).
0
What is the value of (21 - 19) + (2 - 0)?
4
4 - -1 - (6 + -2)
1
Calculate 3 + (4 - (5 - 1)).
3
Calculate 0 + 0 + -8 + 4.
-4
Evaluate 4 - (0 + (-2 - -3) + -1).
4
Calculate (-2 - (-1 + -2)) + 1 + -5.
-3
23 + -36 + -4 + 13
-4
What is the value of (-5 - -2) + -4 - -5?
-2
What is the value of 86 + -82 + 0 + 0 + 1?
5
Evaluate -7 - (3 + (-12 - -5)).
-3
Calculate -8 - -3 - 0 - (1 + -6).
0
Evaluate 4 + (3 - 1 - 3) + -2.
1
What is the value of 8 + -9 + -3 + 0 + -1?
-5
-2 + 5 + 1 + -5 - 3
-4
Calculate 1 - -3 - 1 - 5.
-2
What is the value of -11 - -2 - -7 - (1 + 3)?
-6
What is -4 + (6 - (-4 + 7))?
-1
-5 - (4 + -3 - 4)
-2
-2 - (5 - -1 - (1 - -3))
-4
What is the value of 9 - (9 - (-1 - 8))?
-9
What is -4 - (-10 + -3 + 4 + 2)?
3
What is the value of (-6 - (-4 + 1)) + 5?
2
Calculate -12 - (11 + (-23 - 6)).
6
Calculate -11 + (-7 - -14) - (-5 - -3).
-2
What is 7 - ((-3 - (-9 + 3)) + 1)?
3
0 + (3 - 1) - (2 + -2)
2
-7 + -4 + 1 + 17 - 3
4
What is -18 + -11 + 2 + 19?
-8
What is (1 - (-3 - -6)) + -1 + 1?
-2
What is (0 + (-4 - -3) - -1) + 0?
0
Evaluate 0 + -1 - 6 - -7.
0
What is the value of -2 + (1 - -2) + (6 - 9)?
-2
What is -5 - -2 - (1 + -11 + 3)?
4
What is the value of (-1 - 3) + (-12 - (-11 + 0))?
-5
(-1 - 0) + -1 - (3 - 3)
-2
What is the value of 0 + 1 + (-10 - (-6 - -2))?
-5
(-1 - (-6 - 2)) + -1
6
Evaluate -2 + 2 - 4 - (5 + -10).
1
Calculate 1 - (-4 + 2 - 0) - 1.
2
Evaluate -7 + 4 + -1 - 1.
-5
Calculate 6 - (4 - (-2 - -4)).
4
What is the value of -7 + (-5 - -1 - (-11 + 5))?
-5
Evaluate -7 + 15 - (-6 + 13).
1
What is the value of (-6 - 2) + (1 - -1)?
-6
What is the value of -11 - (-1 + (3 - 5) - 5)?
-3
Calculate (24 - 21) + 2 + -1.
4
(1 - -5) + (5 - (-4 - -13))
2
Calculate 4 - 7 - -5 - 1.
1
Evaluate 74 + -80 + (-2 - (0 + -4)).
-4
What is the value of (7 - 0) + 1 + -6?
2
-4 + 0 - -3 - (-6 + 2)
3
(-5 - -4) + -5 + 3
-3
Calculate 5 + -17 + 3 + 2 + 2.
-5
(-3 - (8 + -14)) + 0
3
What is the value of (-2 - -2) + -6 + 11 + -5?
0
What is the value of (5 - 14 - -4) + 0?
-5
What is the value of 2 + (-5 - -6 - 7)?
-4
What is the value of 2 + -15 + (-1 - 0 - -6)?
-8
Calculate (-2 - ((2 - 4) + 14)) + 7.
-7
Evaluate -6 + (0 - -1 - -1).
-4
-2 - -1 - (11 - 8)
-4
What is the value of (11 - (4 + 0)) + 1?
8
3 + (-3 - (2 + 0 + -7))
5
What is 1 + -1 + (-3 - (1 + -6))?
2
-6 - ((-1 - 6) + -1)
2
-13 + (0 - (-11 - -6)) + 18
10
-4 - (4 + -11 + -3)
6
Calculate 3 + (0 - (2 + -2)) - 5.
-2
(4 - 7 - -5) + (3 - 4)
1
Calculate (-66 - -66) + -1 + 0 + 3.
2
Calculate 14 - (6 - 3 - -7).
4
-4 + (1 - (3 + -5))
-1
Calculate (3 - 10) + -7 + 12.
-2
What is the value of -10 + 8 + 8 + -11?
-5
What is the value of 0 - (9 + -6) - -5?
2
Evaluate 0 + 4 + -4 + 5.
5
What is the value of -5 + -1 + -1 + 4?
-3
What is the value of -3 + 2 + 1 + 0?
0
What is the value of 2 + -2 + -1 + -4 + 4?
-1
Evaluate -6 - (-2 + 1 + -3).
-2
Evaluate -10 - -11 - (4 - -1).
-4
-78 + 73 + -1 + 1
-5
Evaluate (-2 - 10) + -3 + 2 + 6.
-7
What is the value of 2 - (-1 - 1 - -1 - -5)?
-2
13 + -1 + -4 + 1 + -4
5
Calculate 4 - (3 - 7) - 6.
2
(6 - (-3 + 5)) + (0 - 3)
1
Calculate (-6 - -1) + 5 - 1.
-1
What is the value of 3 - (2 + -2) - 4?
-1
5 - (-1 - -2) - (-41 - -47)
-2
Calculate -7 - -8 - (-3 + 6).
-2
(0 - 1 - -5) + 3 + -4
3
Evaluate 9 + -5 - (4 - (6 - 3)).
3
Calculate -3 + 5 + 2 + -6 + 6.
4
-5 - (3 + -9) - (1 + -1)
1
Calculate 1 + -15 + 12 - (-3 - -7).
-6
What is 12 + (7 + -8 - 8)?
3
Evaluate -55 + 64 + -18 + 0.
-9
2 - (2 + 3 + -1 + -3)
1
3 + (3 - 7 - -1)
0
-5 + -1 + -1 + 6
-1
What is the value of 4 - 8 - (-5 - (1 - 3))?
-1
Evaluate 3 - ((0 - 2) + 11 + -8).
2
Calculate 9 + (7 + -9 - -2) - 3.
6
What is the value of (-2 - -1) + -1 + 2 + 0?
0
Evaluate (4 - (1 - 6 - -10)) + -1.
-2
-1 + 2 + 3 + 0 + -1
3
Calculate 2 + 0 + (-6 - -6).
2
Calculate -11 + 9 - (0 + -6).
4
Calculate 7 + -4 + (-4 - 4).
-5
(2 + 4 - 9) + 9
6
1 + (-3 - (-3 + -8)) - 4
5
Evaluate -8 - (13 + -11) - -15.
5
0 + -6 + (1 - -2)
-3
6 - (-3 + 10 + 6)
-7
Calculate 2 + (1 + -4 + 6 - 0).
5
9 + -1 + -9 + 1
0
Evaluate 0 + -5 + (9 - 5).
-1
(1 - -6 - 6) + 7
8
-2 + (-5 - -2) + 8 - 4
-1
Evaluate -2 - -1 - 3 - (-11 - -11).
-4
Evaluate (0 - -5) + (-1 - 3).
1
Evaluate (-6 - -6) + 7 - (8 + -2).
1
3 + -5 + 6 + -8
-4
Calculate -6 + 2 + 6 + -1 + 0.
1
What is (195 - 197) + (1 - -9)?
8
-2 - (3 - (-7 - -6))
-6
Calculate 6 + -2 + 0 + (45 - 49).
0
What is (1 - -4) + 6 + 0 + -8?
3
What is the value of (5 - 1 - (0 - 3)) + -1?
6
13 - (-9 + 9 + 8)
5
-14 + (-8 - (-4 - 12))
-6
What is the value of -1 - (-4 + 6 - 0)?
-3
What is (10 - 23) + 3 - -1?
-9
What is -4 - (10 - 4 - (8 - -1))?
-1
Evaluate 2 + 0 + 0 + -3 + -4.
-5
Calculate 14 - (7 + 0 + 5 + -7).
9
What is 3 - 16 - -2 - (-16 - -12)?
-7
Evaluate (7 - 5) + (4 - 0 - 1).
5
What is the value of -1 + 8 + -4 - (3 - 7)?
7
4 - (7 + 10 + -12)
-1
Evaluate 5 + 8 + (-6 - 0).
7
Evaluate -3 + 3 + -13 + 14 + -8.
-7
-12 - (6 + -10) - (-3 + 0)
-5
What is 11 + -14 + -9 + 15?
3
What is the value of -5 + 4 + 4 - -5?
8
Evaluate -8 + 12 + 1 + 1 + -10.
-4
Calculate -1 + 0 - (5 + (1 - 6)).
-1
Calculate (-1 - -13) + -7 - 0.
5
What is -2 - -1 - (-4 - -2)?
1
0 + (-1 - 2) - -3
0
-3 + -4 - (-1 - 7)
1
Evaluate 17 + (-15 - (-3 - 4)).
9
Evaluate 2 - 3 - -1 - -2 - -2.
4
-7 + 0 - (16 + -20)
-3
Evaluate 3 - (-2 + 4) - 8 - -3.
-4
What is (-7 - 10 - -11) + 11?
5
What is 3 - (4 + -12 + 7)?
4
What is the value of (1 - 3) + (7 - 8) + 1?
-2
What is (-22 + 10 - -6) + 10?
4
What is the value of -1 - 3 - ((1 - 2) + 1)?
-4
What is 5 + (-15 - 3) - -7?
-6
What is 3 - (0 - (2 - 5))?
0
Calculate -3 - (2 - 0) - (1 - 2).
-4
Calculate -2 + 4 - (10 + -7 + -5).
4
Calculate -8 + -3 + (10 - 2).
-3
4 + -2 + -4 - -8
6
Calculate -5 + (2 - 0) + -3 + 8.
2
Calculate 3 - 4 - (1 + -5).
3
What is -1 + 10 - (4 - (2 + -1))?
6
Calculate 2 + (-2 - -12) - 6.
6
(0 - 0) + (-36 - -28)
-8
What is the value of (0 - (2 - (4 - 6))) + 2?
-2
What is -7 + (-11 - -10) + 2?
-6
-2 - (-3 + (-7 - -4))
4
Calculate -3 + 0 + 5 + 18 + -21.
-1
((6 - 1) + -22 - -6) + 5
-6
Calculate -5 + (-1 - -6) - -4.
4
Evaluate -10 + (-7 + 7 - (-4 - 0)).
-6
(5 - (8 - 8)) + (-11 - 0)
-6
Calculate 1 + -4 + (5 - -5) - 4.
3
What is the value of 5 + 3 + -7 + 0?
1
Calculate 7 - 8 - (1 - (-2 - 1)).
-5
What is -4 + 8 + -8 + 4 + -6?
-6
Calculate 7 - (2 - 1 - -4).
2
(-7 - ((-9 - -3) + -1)) + -6
-6
Calculate (-5 - 0) + 1 + 7.
3
What is the value of 1 + -3 + -22 + 29?
5
Calculate -8 - (8 - (14 - -8)).
6
What is the value of (-3 - -2 - -2) + (20 - 24)?
-3
What is (-6 - -8) + 1 + 3?
6
0 - -17 - 12 - 12
-7
-2 + -3 - -3 - (-3 + 2)
-1
What is the value of -2 - (-2 + -3 + -2 + 8)?
-3
What is 3 + -10 - (-8 + 6)?
-5
What is the value of -9 + 22 + -3 + -4?
6
Calculate -2 + 2 + -2 - -2 - -3.
3
-4 - -2 - (1 - 0)
-3
Calculate -6 - 0 - (-22 + (-17 - -40)).
-7
What is (8 - 13) + 4 + -1?
-2
8 + (-7 + 8 - 5)
4
What is the value of -8 - (-4 + 3) - -13?
6
What is -1 + (1 - (-1 + 5 - 1))?
-3
-9 + -2 + 18 - 11
-4
What is the value of -1 + -1 + -2 + 8?
4
Calculate (0 - -2) + (-2 - (-9 - -9)).
0
(-9 - 0) + 23 + -23
-9
-3 - (-2 + 0 + -5)
4
What is the value of 4 + (6 - 6) + 2 + -3?
3
What is the value of -6 + (0 + 0 - (-12 - -8))?
-2
What is 4 + -7 + (1 - -2) - -4?
4
Evaluate 16 + (-4 - -2) - (-150 - -157).
7
Evaluate -10 + (-6 + 21 - 6).
-1
What is (0 - 8) + -2 + 5?
-5
What is 9 - 6 - (-2 - (0 - 2))?
3
What is the value of 3 + -2 + -4 - (-3 + -1)?
1
Calculate 4 - (6 - (-1 + (1 - -1))).
-1
What is 3 + (4 - 14) + 3?
-4
Evaluate -2 + -1 + (15 - 17).
-5
0 + -4 - (0 - 3)
-1
What is the value of 19 + -12 - (4 + -1)?
4
What is the value of (-2 - -3) + -2 - (1 - -6)?
-8
Evaluate 2 + -4 + 1 + -2.
-3
What is (-13 - (4 + -4)) + 8?
-5
What is 4 - 2 - (-2 + -1)?
5
What is (-3 - 4) + 16 + 2?
11
What is the value of 4 - (-6 + (12 - (-1 + -2))